*u - 11. What is the remainder when 111 is divided by x(-13)?
27
Suppose -3*b - 44 = 4*a - 8*b, -2*b = 2*a + 4. Let g = -16 + a. Let y = 55 + g. Calculate the remainder when y is divided by 17.
16
Let r(c) = -c**3 - c**2 + c - 14. Let b be r(0). Calculate the remainder when b/(-4)*20/7 is divided by 3.
1
Let j(h) = -2*h - 3. Suppose -v + 2 + 3 = 3*k, 2*v - 2*k + 22 = 0. Let m = v + 2. What is the remainder when j(m) is divided by 4?
3
Suppose d - 246 = -5*d. What is the remainder when d is divided by 15?
11
Suppose -3*h = 4*c + 55, 0 = 2*c + 3*h - 7 + 30. Calculate the remainder when 4/c + 58/8 is divided by 68/16 - (-1)/(-4).
3
Suppose -464 = -5*m + 31. What is the remainder when m is divided by 25?
24
Let w = -8 - -15. Let d be 40/6 + (-3)/(-9). Let f = d + 6. Calculate the remainder when f is divided by w.
6
Suppose -2*r + 5*c + 104 - 37 = 0, 2*r + 3*c - 91 = 0. Suppose -1 + 15 = y. What is the remainder when r is divided by y?
13
Let r(w) = -w**2 + w + 6. Let y be r(0). Suppose z - 4*q + 125 = y*z, -5*z + 2*q = -125. Calculate the remainder when z is divided by 14.
11
Let v be 112/11 - 6/33. Suppose 3*t = v - 4. Suppose 0 = -0*y + t*y + 3*z - 47, 3*y + 4*z - 69 = 0. What is the remainder when 56 is divided by y?
18
Suppose 0 = -3*s + 3*f, 4*f = 5*s + 7*f. Suppose 4*g = 5*g + 8. Let y = s - g. What is the remainder when 15 is divided by y?
7
Suppose 0*y - 15 = 5*y. Let p = 5 + y. Suppose 10*z - 5*z = 3*k - 29, -1 = 5*k + 4*z. What is the remainder when k is divided by p?
1
Let o(b) be the third derivative of -b**4/4 - 2*b**2. What is the remainder when 25 - (-2 + -3 + 7) is divided by o(-2)?
11
Let u = -12 + 32. Suppose -u = -t - 9. What is the remainder when t is divided by 6?
5
Let c(u) = -2*u**2 + 2 + 8*u + 7 + u**3 - 6*u**2. Let m be 6*(-6)/(-4) - 2. Calculate the remainder when 30 is divided by c(m).
14
Calculate the remainder when 37 is divided by 5*(96/(-15))/(-4).
5
Suppose -4*k + 2 - 22 = 0, 220 = 3*l + 4*k. What is the remainder when l is divided by 9?
8
What is the remainder when 27 is divided by (-31)/(-3) + 2/(-6)?
7
Let k(m) = 23*m + 138. Let o(u) = 1. Let j(y) = k(y) - 138*o(y). What is the remainder when j(2) is divided by 12?
10
Let j = 29 - 17. What is the remainder when 94 is divided by j?
10
Let v = 40 + -19. What is the remainder when v is divided by 8?
5
What is the remainder when 32 is divided by (10/5)/2 - -16?
15
Suppose k + 1 + 1 = 0. Calculate the remainder when k + ((-27)/(-1))/1 is divided by 9.
7
Suppose 4*j + 4*d = 6*j - 6, -5*j + 90 = 5*d. Calculate the remainder when 21 is divided by j.
8
Let c(o) = 8*o - 11. Calculate the remainder when 144 is divided by c(6).
33
Let o = 9 - 7. Suppose w - 15 = -o*z + 8, 4*w = -2*z + 110. Calculate the remainder when w is divided by (3 - 0)/((-6)/(-20)).
9
Let k(h) = h**3. Let y(l) = 2*l**3 - 3*l**2 + l. Let s(m) = k(m) + y(m). Let v be s(2). Calculate the remainder when 15 is divided by (-4)/v - (-116)/14.
7
Suppose -5*s = s - 30. Calculate the remainder when s is divided by 5.
0
Let c(d) = -d**3 - 9*d**2 - 8*d - 2. Let q be c(-8). What is the remainder when (-41 + q)*(-3 + 2) is divided by 11?
10
Let f = -29 - -50. Suppose -r + f = 2*l - 6*l, -36 = -2*r + 5*l. What is the remainder when 37 is divided by r?
11
Let x = 76 + -58. What is the remainder when 71 is divided by x?
17
Suppose 4*y + 4 + 4 = 0. Let l be (-2)/y - (-2 + 3). Suppose -5*p + 2*p + 51 = l. What is the remainder when p is divided by 6?
5
Let x(o) = -o**3 + 18*o**2 + o + 5. What is the remainder when 66 is divided by x(18)?
20
Let v(d) = 6*d - 35. Calculate the remainder when 50 is divided by v(8).
11
Let y(h) = 25*h**2 - h. Suppose 7 = x + 3*f, 10*f - 7 = 3*x + 5*f. Calculate the remainder when y(x) is divided by 9.
6
Let d(j) be the first derivative of 3*j**2/2 - 7*j + 6. Calculate the remainder when 22 is divided by d(5).
6
Let b(t) = t**2 + 9*t + 9. What is the remainder when 26 is divided by b(-9)?
8
Suppose -5*p = k - 441, 0 = 4*p - 3*k + 8*k - 357. Suppose -4*h = -4*x + p, 0*h = 2*x - 3*h - 49. Calculate the remainder when x is divided by 6.
5
Let q(c) be the first derivative of c**4 + c**3/3 + c**2 + 2. What is the remainder when q(2) is divided by 14?
12
Suppose 2*s + 3*s = 4*n - 111, -63 = -2*n + 5*s. What is the remainder when 93 is divided by n?
21
Let b = 81 + 10. What is the remainder when b is divided by 31?
29
Suppose -5*d + 2 = -3. Let g = 1 + d. Calculate the remainder when 4 is divided by g.
0
Calculate the remainder when 4 - (-568)/12*(-6)/(-4) is divided by 26.
23
Let x(d) = -d**2 + 7*d + 8. Let k be x(8). Let r = 9 - k. Calculate the remainder when 26 is divided by r.
8
Let p(y) = -6*y - 4. Let o be p(-3). Let t be 6/24 - o/(-8). Let j = 8 + t. Calculate the remainder when j is divided by 6.
4
Let u = -1 + 3. Let s = u - -2. Calculate the remainder when 7 is divided by s.
3
Suppose 2*u = 5*c + 46, 0*c = u - 2*c - 23. Suppose b + 0*b = -1. Let d = b + 13. What is the remainder when u is divided by d?
11
What is the remainder when (92/8 + -3)*6 is divided by 13?
12
Let i(z) = -7*z - 3. Let c be 2 - (-3 + (2 - -4)). Calculate the remainder when i(-4) is divided by (c - -11 - 0) + -1.
7
Let p(r) = -3*r - 1. Suppose -2*j + 6*j + 4*v + 252 = 0, -3*j - 2*v = 184. What is the remainder when p(-6) is divided by 2/10 + j/(-10)?
5
Suppose 400 = -5*q + 3*a + 2*a, 3*q - 4*a + 245 = 0. Let s = q - -293. Suppose -4*r = -s + 30. What is the remainder when r is divided by 16?
15
Let k(z) = -z**3 + 2*z + 3. Let h be k(-3). Let y = h + -17. What is the remainder when 12 is divided by y?
5
Let g(u) = -u**3 + 6*u**2 - 4*u - 2. Let j be g(5). Let o(d) = d**3 - d**2 + d - 3. Calculate the remainder when o(j) is divided by 10.
8
Let n = -6 + 8. Suppose -3*s - 2*s - 15 = 0. What is the remainder when 53 is divided by s/n*-3*4?
17
Let d = -17 - -31. What is the remainder when 27 is divided by d?
13
Let o = 222 + -159. Calculate the remainder when o is divided by (1 - -1) + (-2 - -22).
19
Let w(m) = -3*m + 4. Let a be w(-5). Let i = a + -5. What is the remainder when 27 is divided by i?
13
Suppose -16 + 1 = -5*b. Suppose -5 = -b*x + 34. Suppose q - 4*q = 3*m - 66, -2*m + 5*q = -65. Calculate the remainder when m is divided by x.
12
Let q(v) = -v**3 + 7*v**2 + 2*v - 4. Let t be q(7). Let i = t - 7. What is the remainder when 3 is divided by i?
0
Suppose -2*z + 5 = -1, -3*z = -3*c. Calculate the remainder when 10/4*(0 - -2) is divided by c.
2
Suppose 6 = s + 7*z - 3*z, 13 = 4*s + 5*z. Suppose 0*t = s*t - 30. Calculate the remainder when 44 is divided by t.
14
Calculate the remainder when (1 - 27)/((-16)/48) is divided by 27.
24
Suppose 5*c + 0*c - 55 = 0. Suppose -6*a = -c*a + 120. What is the remainder when a is divided by 7?
3
Let m(y) = 2*y**2 - 2*y - 4. Suppose 164 = 5*o + 54. Calculate the remainder when o is divided by m(3).
6
Let i(c) = c**2 + 12*c - 1. Let p be (-3 - -2)*16 + 3. Calculate the remainder when i(p) is divided by 5.
2
Let y(v) = -v. Let x be y(0). Let j(n) = n**2 + 3 - n + 1 + x*n**2. Calculate the remainder when 11 is divided by j(0).
3
Let a(c) = c**2 - 7*c - 2. Let y(d) = -d + 5. Calculate the remainder when a(9) is divided by y(-4).
7
Suppose -v + 579 = 4*v + 4*j, -3*j + 118 = v. Calculate the remainder when v is divided by 29.
28
Suppose 3*l - 23 - 4 = 0. What is the remainder when 62 is divided by l?
8
Suppose -32 + 410 = 3*q. Suppose 5*c - q = 119. What is the remainder when c is divided by 13?
10
Let v = -26 + 34. What is the remainder when 47 is divided by v?
7
Suppose 4 = 2*p - 4*y - 0, 26 = 4*p - 2*y. Let l be (p - 1)/(1/9). Suppose l + 42 = 3*t. What is the remainder when t is divided by 12?
11
Let s(d) = -4*d - 9. Let t(y) = 4*y - 5. Let v be t(2). Suppose 0 = -v*q + q + 84. What is the remainder when q is divided by s(-6)?
12
Let d(g) = g**3 + 13*g**2 - 14*g + 11. Calculate the remainder when d(-14) is divided by 2.
1
Suppose -27 = -3*s + 3*n, -2*n - 4 = 4. Suppose 12 = 3*o - 3*b, 4*o + 2*b - 16 = 4*b. What is the remainder when s is divided by o?
1
Suppose x = -2*m + 27, -2*x + 3*m = 3*x - 161. What is the remainder when 92 is divided by x?
30
Let q(t) = 5*t**2 + 2*t - 1. Let z be (18/(-4) + 2)*-2. Suppose -3*y + 5*g - 17 = -0*y, -z*y = 3*g - 17. What is the remainder when 